5*m - 164 = q. What are the prime factors of m?
61
Suppose 9*j = 11*j - 88. Let o = -142 + j. What are the prime factors of 1/(o/(-32) - 3)?
2
What are the prime factors of 192/72*(2 - -1084)?
2, 181
Suppose -4*s + 8 = -0*s. Let v(j) = 18*j**3 - j**2 + 6*j - 9. What are the prime factors of v(s)?
11, 13
Suppose 0 = 8*h - 3*h + 25. Let a(c) = -3*c + 4 - 10 - 4*c. List the prime factors of a(h).
29
Let r = 171 + 2519. List the prime factors of r.
2, 5, 269
List the prime factors of 102/(-15) + 7 + 22077/15.
2, 23
Let x be (-3)/(-6) - (-6705)/(-10). What are the prime factors of 3/1*x/(-30)?
67
Let q = -6 - -10. Let z(y) = -3*y**2 - 4*y**2 + 3*y**3 - 4*y**3 + 11*y - q*y. What are the prime factors of z(-8)?
2
Let v(y) = -7*y + 1. Let s be v(-1). Let b = s - 3. Suppose h - 15 = -b*r, -4*r = -r - 3. What are the prime factors of h?
2, 5
Let f = 1701 - 977. What are the prime factors of f?
2, 181
Let a(y) = -y**2 - 3*y + 176. Let v be a(0). Let k = v - 54. Let z = k + -83. List the prime factors of z.
3, 13
List the prime factors of 3/((-9)/246)*36/(-8).
3, 41
Suppose -3*m = 4*q - 26, 3*m + q = -2*q + 21. Let w be (m - 3) + -1*15. What are the prime factors of (-35)/(-1) + (-64)/w?
3, 13
Suppose 3*b = -3*y + 1947, 5*y + b - 3143 = 98. List the prime factors of y.
2, 3
Suppose 0 = -6*c + 5*c + 300. Suppose -c = 8*s - 13*s. Let l = 104 - s. List the prime factors of l.
2, 11
Suppose -5*t - d - d + 18 = 0, t + 3*d - 14 = 0. Let c = t - -1. Suppose -119 = -c*o - 5. List the prime factors of o.
2, 19
Suppose 3*n - 7*n + r = -235, -5*r + 64 = n. Suppose 2*x = n - 7. List the prime factors of x.
2, 13
Let c(o) = -2*o + 13. Let x be c(5). Let g(j) = 2*j + 12*j**3 - 71*j**x - 2 - j**2 + 2*j**2 - 3*j. List the prime factors of g(-1).
59
Let z(j) = -8*j**2 + 1 + 2*j + 10*j**2 + j**3 - 9*j**2 - 4. Let s be z(3). Let q = s - -55. List the prime factors of q.
2, 11
Suppose 13 = 2*v + s, 4*v - 5*s + 4 + 5 = 0. Suppose 208 = m - 3*j, -4*m - 8*j + v*j = -768. List the prime factors of m.
2, 7
Let u be (8/(-12))/((-148)/72 + 2). What are the prime factors of (0 - 657/u)*-4?
3, 73
Suppose m = 3*z - 6, 13 = -m + 5*z - 3. Let p = -384 - -384. Suppose 2*l - v - 11 = m, p = -5*l + 4*v + 47. What are the prime factors of l?
11
Suppose 6*c - 11 - 1 = 0. Suppose -6 = -c*o + o. What are the prime factors of (-4)/o + (-138)/(-18)?
7
Let p(f) = f + 7. Let l be p(5). Let g be ((-1)/2)/((-2)/l). Suppose x - g + 1 = 0. What are the prime factors of x?
2
Suppose 5*v - 2940 = 3*x, 6*v - 7*v - x = -580. What are the prime factors of v?
3, 5, 13
Let y = 116 - 108. What are the prime factors of (12/16 + 2)/(1/y)?
2, 11
Let b(p) = p**3 - 4*p**2 - 6*p + 11. Let f be b(5). Suppose -f*o + o = 135. Let g = 45 + o. What are the prime factors of g?
2, 3
Let b(f) = 6*f**2 - 1. Let s be b(1). Suppose 981 = s*j + 11. Suppose 4*h + 4*n = -0*n + 248, 3*h + 5*n = j. What are the prime factors of h?
2, 29
Let g be (-48)/(-3)*1/4. Suppose 5*t + 5*f - 155 = 0, g*t - 4 - 155 = 3*f. List the prime factors of t.
2, 3
Suppose 4 = 2*u - 38. Suppose -3*k = -u + 6. Suppose 4*i - 56 = -k*s, -i + 17 = 4*s - 19. List the prime factors of s.
2
Let g(v) = v**3 + 13*v**2 - 2*v - 11. Let r(c) = c**3 + 12*c**2 - 3*c - 12. Let f(j) = -3*g(j) + 4*r(j). What are the prime factors of f(-7)?
5
Suppose 5*h - i - 2*i - 1052 = 0, 0 = -2*i + 2. Let p = h - 109. List the prime factors of p.
2, 3, 17
Suppose -11 = -2*f - 3. Suppose 51 + 9 = f*w. What are the prime factors of w?
3, 5
Let w be (-12)/(-10)*20/6. Let p be (-10)/(-15)*99/6. Suppose -w*d + p = -25. List the prime factors of d.
3
Suppose 0 = -37*c + 42*c - 1130. Let v = c + -76. List the prime factors of v.
2, 3, 5
Let g(w) = -7*w + 22*w - 11 + 12 - 13*w**2 - w**3 + 17. Let r be g(-14). Suppose 6*k - 2*k - 112 = 4*a, -k = r*a - 33. List the prime factors of k.
29
Let g(n) = -n**3 + n**2 + n - 14. Let f be g(0). What are the prime factors of (1 - f)/(1/15)?
3, 5
Let f(l) = -l**2 - 21*l - 17. Let x be f(-18). Suppose -238 + x = -i. What are the prime factors of i?
3, 67
Let p(d) = -3*d - 79. Let l be p(-12). Let o = 190 + l. List the prime factors of o.
3, 7
Let y(l) = -l**2 - 15*l - 17. Let f = 6 - 19. Let w be y(f). Suppose 27 = z + w. What are the prime factors of z?
2, 3
What are the prime factors of 13/(-26)*-166*10 + -1?
829
Let z(p) be the second derivative of p**5/20 + p**4/12 - 5*p**3/2 + 3*p**2/2 - 19*p. What are the prime factors of z(6)?
3, 5, 11
Suppose 2*j - 4*j = 2*a - 346, 4*j = -3*a + 687. Suppose r - 5*w - 170 = -4*r, -5*r + j = -4*w. Let x = -23 + r. List the prime factors of x.
3
Suppose 2*i = 5*w, 2*w + 16 = -0*w + 4*i. Suppose -3*b = -11 + w. Suppose -b = -y + s - 1, 3*s = -y + 10. What are the prime factors of y?
2
Let u(z) = z**3 + 0*z + 11 - 2*z - 9 + 2*z**2 - 8. What are the prime factors of u(4)?
2, 41
Suppose -3*y = 2592 - 9216. List the prime factors of y.
2, 3, 23
Let m(x) = -153*x - 8. List the prime factors of m(-3).
11, 41
Suppose 10*w - 15*w - 2*n + 5131 = 0, 0 = -5*w + 2*n + 5119. What are the prime factors of w?
5, 41
Suppose -3*g + 544 = -z, -5*g + 3*z + 1154 - 242 = 0. List the prime factors of g.
2, 3, 5
Let o(f) = -3*f**2 - 3*f**2 - 2*f**2 - 7 + f + 10*f**2. What are the prime factors of o(-4)?
3, 7
Let d = -645 + 792. What are the prime factors of d?
3, 7
Let b(p) = 81*p - 1. Let q be b(6). Suppose -o + q = 5*y, 90 = 3*y + o - 203. What are the prime factors of y?
2, 3
Let k = 265 + -483. Let h = -95 - k. What are the prime factors of h?
3, 41
Let z(f) = -f**3 - 4*f**2 - 4. Suppose 0 = -2*c - 8, 4*d - 2*c = 5*d + 14. Let k be z(d). Suppose -3*g + g + k = 0. List the prime factors of g.
2, 17
Suppose m + i + i + 2 = 0, -m - i = 0. Suppose 2*q = -m*q + 312. Let u = q - 43. What are the prime factors of u?
5, 7
Suppose -69 = -6*f + 93. What are the prime factors of (2178/f)/(4/6)?
11
Let s = 63 + -48. Let a = 1 + 8. Suppose -6*h + a*h - s = 0. List the prime factors of h.
5
Let h(b) = -6*b**2 + b - 8*b**2 - 6*b**2 + 21*b**2. Let c(s) = s**3 + 15*s**2 + 6*s + 18. Let q(n) = -c(n) + 3*h(n). What are the prime factors of q(-12)?
2, 3
Let p = 5125 + -3064. List the prime factors of p.
3, 229
Let k = -23 - -38. Suppose -k*d = -12*d. Suppose 3*n = 5*z - n - 43, z + 5*n - 26 = d. List the prime factors of z.
11
Suppose 2*m + 3*d + 55 = 2036, -10 = 2*d. What are the prime factors of m?
2, 499
Let k(b) = b**3 - 5*b**2 - 2*b - 4. Let w be k(6). Let u = -18 + w. Suppose 5*i + u*g = 78, 2*g = -g - 3. List the prime factors of i.
2
Let y = -238 + 413. Let d = -119 + y. What are the prime factors of d?
2, 7
Suppose 0 = p - 1 - 2. Let z = p - 2. Let v = z + 30. What are the prime factors of v?
31
Let o = 11 - 5. Suppose 3*b = 6, 4*r = 2*b - 11 + 75. Let w = r + o. What are the prime factors of w?
23
What are the prime factors of 8*(-2)/(-16) - (-1570 - 1)?
2, 3, 131
Let t(a) = 50*a**2 + 135*a + 670. List the prime factors of t(-5).
3, 5, 83
Let z(k) = -k**3 + 3*k**2 + 7*k. Let m be z(5). Let a = m - -26. Suppose o - 1 = a. List the prime factors of o.
2, 3
Let d be ((-1)/5)/(6/30). List the prime factors of (1*-4)/((-35)/(-40) + d).
2
Suppose -2*o - o = 0. Suppose -3*r + 4*r - 27 = -4*h, o = h + 5*r - 21. Suppose -3*v + 66 = h. What are the prime factors of v?
2, 5
Let v(c) = -c. Let h be v(-2). Suppose 59 = 3*t - 25. Suppose -l + 3*f + 37 = 0, -5*f + 13 = h*l - t. List the prime factors of l.
2, 7
Let a be (-4)/14 - 1902/(-42). Let u be 18/a - (-56)/10. Suppose u*o + 5*v - 5 = o, 10 = 2*o - 2*v. What are the prime factors of o?
3
Let b(t) = t**3 - t**2 - 6*t - 2. Let m be b(-3). What are the prime factors of ((-459)/18)/((-37)/m - 2)?
2, 5, 17
Suppose 0*d = d + 2*d. What are the prime factors of 84 - (d - 8/4)?
2, 43
Suppose -4*f = 5 - 37. Let b(m) = m**2 + 15*m - 12. Let z be b(-16). List the prime factors of (z + 58/f)*4.
3, 5
Let x(b) = 2*b**2 + 53*b + 167. What are the prime factors of x(-46)?
37, 53
Suppose 5*w + 2*a - 1453 = 0, 9*a - 6*a = -4*w + 1161. What are the prime factors of w?
3, 97
Let c(u) = -u**3 - 7*u**2 - 8*u. Let z be c(-6). List the prime factors of (-1*z)/(0 - 1).
2, 3
Let l be ((4 - 4) + -1)*3. Let b = l - -18. What are the prime factors of b?
3, 5
Let b be -4 - (-9 - -4) - -1. Suppose -b*i + 434 = 5*i. What are the p